{"id":137,"date":"2023-03-23T09:44:21","date_gmt":"2023-03-23T08:44:21","guid":{"rendered":"http:\/\/szkola1.2lo.pl\/?page_id=137"},"modified":"2023-09-08T12:05:36","modified_gmt":"2023-09-08T10:05:36","slug":"sekretariat-szkoly","status":"publish","type":"page","link":"https:\/\/szkola.2lo.pl\/index.php\/sekretariat-szkoly\/","title":{"rendered":"Sekretariat szko\u0142y"},"content":{"rendered":"<p style=\"text-align: center;\"><strong><span style=\"color: #800000;\">KANCELARIA SZKO\u0141Y<\/span><\/strong><\/p>\n<p style=\"text-align: center;\"><span style=\"color: #000000;\">czynna w godzinach 7:30 &#8211; 15:30<\/span><\/p>\n<p style=\"text-align: center;\"><strong><span style=\"color: #800000;\">SPRAWY UCZNIOWSKIE<\/span><\/strong><\/p>\n<p style=\"text-align: center;\"><strong><span style=\"color: #800000;\">WTORKI, \u015aRODY, CZWARTKI<\/span><\/strong><\/p>\n<p style=\"text-align: center;\">w godzinach 10:35 &#8211; 14:00<\/p>\n<p><strong><span style=\"color: #003366;\">SEKRETARZ SZKO\u0141Y<\/span><\/strong><br \/>Ma\u0142gorzata Milewska<\/p>\n<p><strong><span style=\"color: #003366;\">REFERENT D\/S UCZNIOWSKICH<\/span><\/strong><br \/>Mariola Pi\u0105tkowska<\/p>\n<p><span style=\"color: #008000;\"><strong>KONTAKT<\/strong><\/span><\/p>\n<p>Tel. 94 352 32 64<br \/>Fax. 94 352 32 42<\/p>\n<h4>\u00a0<\/h4>\n<h4><span style=\"color: #003366;\"><strong>DOKUMENTY UCZNIA:<\/strong><\/span><\/h4>\n<ul>\n<li>duplikat \u015bwiadectwa \u2013 op\u0142ata 26 z\u0142<\/li>\n<li>duplikat legitymacji szkolnej \u2013 op\u0142ata 9 z\u0142.<\/li>\n<\/ul>\n<p>WP\u0141ATA NA KONTO SZKO\u0141Y:\u00a0<b>33 2030 0045 1110 0000 0185 8710<\/b><\/p>\n\n\n<p><\/p>\n","protected":false},"excerpt":{"rendered":"<p>KANCELARIA SZKO\u0141Y czynna w godzinach 7:30 &#8211; 15:30 SPRAWY UCZNIOWSKIE WTORKI, \u015aRODY, CZWARTKI w godzinach 10:35 &#8211; 14:00 SEKRETARZ SZKO\u0141YMa\u0142gorzata Milewska REFERENT D\/S [&hellip;]<\/p>\n","protected":false},"author":1,"featured_media":0,"parent":0,"menu_order":0,"comment_status":"closed","ping_status":"closed","template":"page-no-title","meta":{"footnotes":""},"class_list":["post-137","page","type-page","status-publish","hentry"],"_links":{"self":[{"href":"https:\/\/szkola.2lo.pl\/index.php\/wp-json\/wp\/v2\/pages\/137","targetHints":{"allow":["GET"]}}],"collection":[{"href":"https:\/\/szkola.2lo.pl\/index.php\/wp-json\/wp\/v2\/pages"}],"about":[{"href":"https:\/\/szkola.2lo.pl\/index.php\/wp-json\/wp\/v2\/types\/page"}],"author":[{"embeddable":true,"href":"https:\/\/szkola.2lo.pl\/index.php\/wp-json\/wp\/v2\/users\/1"}],"replies":[{"embeddable":true,"href":"https:\/\/szkola.2lo.pl\/index.php\/wp-json\/wp\/v2\/comments?post=137"}],"version-history":[{"count":4,"href":"https:\/\/szkola.2lo.pl\/index.php\/wp-json\/wp\/v2\/pages\/137\/revisions"}],"predecessor-version":[{"id":5108,"href":"https:\/\/szkola.2lo.pl\/index.php\/wp-json\/wp\/v2\/pages\/137\/revisions\/5108"}],"wp:attachment":[{"href":"https:\/\/szkola.2lo.pl\/index.php\/wp-json\/wp\/v2\/media?parent=137"}],"curies":[{"name":"wp","href":"https:\/\/api.w.org\/{rel}","templated":true}]}}