{"id":184,"date":"2013-10-01T13:53:56","date_gmt":"2013-10-01T11:53:56","guid":{"rendered":"http:\/\/szkola.2lo.pl\/?page_id=25"},"modified":"2023-10-23T11:55:48","modified_gmt":"2023-10-23T09:55:48","slug":"biblioteka","status":"publish","type":"page","link":"https:\/\/szkola.2lo.pl\/index.php\/biblioteka\/","title":{"rendered":"Biblioteka szkolna"},"content":{"rendered":"\n<p><\/p>\n\n\n\n<h2 class=\"wp-block-heading has-text-align-center has-primary-color has-text-color\">Szkolny O\u015brodek Biblioteczno-Informacyjny<\/h2>\n\n\n\n<h4 class=\"wp-block-heading has-text-align-center has-text-color\" style=\"color:#57070c\">Godziny pracy biblioteki:<br>poniedzia\u0142ek- pi\u0105tek w godzinach od 8.00 do 14.00<\/h4>\n\n\n\n<h4 class=\"wp-block-heading has-secondary-color has-text-color\"><strong>Szkolny O\u015brodek prowadzony jest przez nauczyciela &#8211; bibliotekarza <\/strong><strong>&nbsp;Aureli\u0119 Go\u0142\u0119biowsk\u0105<\/strong><\/h4>\n\n\n\n<p>Biblioteka jest wa\u017cnym centrum informacji w szkole. Staramy si\u0119, by by\u0142a ona wyj\u0105tkowo przyjazna dla uczni\u00f3w, rodzic\u00f3w, nauczycieli oraz wszystkich pracownik\u00f3w szko\u0142y, a tak\u017ce student\u00f3w-absolwent\u00f3w naszej szko\u0142y. Ca\u0142y ksi\u0119gozbi\u00f3r liczy 12.250 wolumin\u00f3w o r\u00f3\u017cnorodnej tematyce, w tym wiele nowo\u015bci wydawniczych dla m\u0142odzie\u017cy. Zbiory zosta\u0142y sklasyfikowane i uporz\u0105dkowane wed\u0142ug systemu UKD (Uniwersalnej Klasyfikacji Dziesi\u0119tnej). \u00a0Biblioteka szkolna jest skomputeryzowana, pracuje w systemie MOL NET +, ca\u0142y ksi\u0119gozbi\u00f3r oraz wszyscy czytelnicy zostali wpisani do bazy danych. Ksi\u0105\u017cki maj\u0105 nadane kody kreskowe, a uczniowie pos\u0142uguj\u0105 si\u0119 przy wypo\u017cyczaniu Kart\u0105 biblioteczn\u0105 z nadanym kodem.<\/p>\n\n\n\n<h4 class=\"wp-block-heading has-secondary-color has-text-color\">G\u0142\u00f3wne zadania biblioteki:<\/h4>\n\n\n<ul>\n<li>Gromadzenie i opracowywanie zbior\u00f3w;<\/li>\n<li>Udost\u0119pnianie ich czytelnikom;<\/li>\n<li>Pe\u0142nienie roli o\u015brodka informacji naukowej;<\/li>\n<li>Wsp\u00f3\u0142dzia\u0142anie z innymi bibliotekami;<\/li>\n<li>Wspieranie programu dydaktyczno-wychowawczego szko\u0142y, wsp\u00f3\u0142praca z innymi nauczycielami.<\/li>\n<\/ul>\n<p>W czytelni wydzielony jest ksi\u0119gozbi\u00f3r podr\u0119czny, w ilo\u015bci 370 wolumin\u00f3w, zawieraj\u0105cy encyklopedie og\u00f3lne i specjalne, s\u0142owniki, leksykony, albumy, atlasy oraz inne wydawnictwa informacyjne.<br \/>Biblioteka opr\u00f3cz ksi\u0105\u017cek gromadzi czasopisma oraz programy multimedialne na p\u0142ytach CD i DVD. Na stanie biblioteki znajduj\u0105 si\u0119 r\u00f3wnie\u017c pakiety film\u00f3w z serii &#8222;Filmoteka szkolna&#8221;- zawieraj\u0105ce wybitne i istotne dzie\u0142a polskiego kina &#8211; do wykorzystania na zaj\u0119ciach, lektury szkolne na DVD i na mp3, cykl film\u00f3w &#8222;Dooko\u0142a \u015bwiata&#8221; i lekcji wychowawczych.<\/p>\n<p>Biblioteka szkolna s\u0142u\u017cy realizacji programu nauczania i wychowania, uczestniczy w przygotowaniu uczni\u00f3w do samokszta\u0142cenia oraz korzystania z innych bibliotek. W ramach wsp\u00f3\u0142pracy z Miejsk\u0105 Bibliotek\u0105 Publiczn\u0105 w Ko\u0142obrzegu uczniowie uczestnicz\u0105 w spotkaniach autorskich, prelekcjach, poznaj\u0105 zasady korzystania z ksi\u0119gozbioru MBP.<\/p>\n<p>Nauczyciel bibliotekarz, opr\u00f3cz udost\u0119pniania zbior\u00f3w, prowadzi dzia\u0142alno\u015b\u0107 informacyjn\u0105, udziela porad w doborze literatury, realizuje program przysposobienia czytelniczo \u2013 informacyjnego, wsp\u00f3\u0142pracuje z wychowawcami klas oraz innymi nauczycielami. Uczniowie uzyskuj\u0105 pomoc w wyborze literatury do konkurs\u00f3w i olimpiad oraz do bibliografii za\u0142\u0105cznikowej.<\/p>\n<p>Wydatki biblioteki finansowane s\u0105 z bud\u017cetu szko\u0142y a tak\u017ce dotowane przez Rad\u0119 Rodzic\u00f3w, dary os\u00f3b prywatnych i instytucji (np. ksi\u0119garnia).<\/p>\n<p>Czytelnicy mog\u0105 korzysta\u0107 z sieci Internet, z mo\u017cliwo\u015bci\u0105 wydrukowania potrzebnych informacji. Na zaj\u0119cia dydaktyczne biblioteka udost\u0119pnia komplety s\u0142ownik\u00f3w, atlasy geograficzne i historyczne oraz wiele film\u00f3w i lektur szkolnych na p\u0142ytach DVD.<br \/>W bibliotece panuje pozbawiona przymusu szkolnego atmosfera swobody z zachowaniem regu\u0142 wsp\u00f3\u0142\u017cycia spo\u0142ecznego. Przy Szkolnym O\u015brodku Biblioteczno-Informacyjnym funkcjonuje Ko\u0142o Biblioteczne.<\/p>\n\n\n<h5 class=\"wp-block-heading has-text-align-center has-text-color\" style=\"color:#620202\"><strong>WSZYSTKICH ZAINTERESOWANYCH ZAPRASZAMY DO BILIOTEKI !!!<\/strong><\/h5>\n\n\n\n<p><\/p>\n\n\n\n<h2 class=\"wp-block-heading has-primary-color has-text-color\"><strong>CZYM JEST BOOKCROSSING ????????<\/strong><\/h2>\n\n\n<p><b>Bookcrossing <\/b>to spo\u0142eczna og\u00f3lno\u015bwiatowa forma popularyzowania czytelnictwa, biblioteka bez w\u0142asnej siedziby, rega\u0142\u00f3w i kart bibliotecznych!! Idea Bookcrossingu zrodzi\u0142a si\u0119 w 2001 roku w Stanach Zjednoczonych i swoim zasi\u0119giem obieg\u0142a ca\u0142y \u015bwiat. W Polsce funkcjonuje od 2003 wzbudzaj\u0105c du\u017ce zainteresowanie i popularno\u015b\u0107.<br \/>W \u015bwiatowy ruch bookcrossingu zaanga\u017cowa\u0142o si\u0119 ju\u017c ponad 770 tysi\u0119cy ludzi z ponad 130 kraj\u00f3w.<br \/>Bookcrossing daje szans\u0119 tym, kt\u00f3rych nie sta\u0107 na zakup wymarzonej pozycji literackiej, samotnikom i nie\u015bmia\u0142ym u\u0142atwia nawi\u0105zywanie licznych kontakt\u00f3w, inicjuje rozmowy, dyskusje. Bookcrossing to forum uwalniaczy ksi\u0105\u017cek, na kt\u00f3rym mo\u017cna wymienia\u0107 si\u0119 informacjami o najcz\u0119stszych miejscach pozostawie\u0144, um\u00f3wi\u0107 na spotkanie czy przekaza\u0107 adres nowej p\u00f3\u0142ki bookcrossingowej, skomentowa\u0107 dowolny temat.<br \/>Bookcrossing to uczestnictwo w mi\u0119dzynarodowym ruchu czytelniczym, to r\u00f3wnie\u017c rodzaj elitarnej mody &#8211; dzi\u0119ki kt\u00f3rej cz\u0119\u015bciej rozmawiamy o ksi\u0105\u017ckach, polecaj\u0105c sobie nawzajem te najlepsze. To walka o ksi\u0105\u017ck\u0119 &#8211; skarbnic\u0119 wiedzy, m\u0105dro\u015bci i zdrowego rozs\u0105dku. Dzielenie si\u0119 ksi\u0105\u017ck\u0105 z innymi jest lepsze od jej posiadania, rega\u0142 z ksi\u0105\u017ckami znajduje si\u0119 w czytelni. Jak to dzia\u0142a u nas?\u00a0<\/p>\n<ol>\n<li>Ka\u017cdy ucze\u0144, nauczyciel lub rodzic mo\u017ce przekaza\u0107 ksi\u0105\u017ck\u0119 do &#8222;uwolnienia&#8221;,<\/li>\n<li>Ksi\u0105\u017cka otrzymuje symbol &#8221; B C &#8222;.<\/li>\n<li>Mo\u017cna wzi\u0105\u0107 jedn\u0105 ksi\u0105\u017ck\u0119 i po przeczytaniu przekaza\u0107 j\u0105 innemu czytelnikowi, wymieni\u0107 na inn\u0105 z p\u00f3\u0142ki &#8222;wolnych ksi\u0105\u017cek&#8221; w szkolnej bibliotece lub zostawi\u0107 j\u0105 w innym miejscu do tego przygotowanym.<br \/>W Ko\u0142obrzegu znajdziesz takie miejsce np. w Bibliotece Pedagogicznej.<\/li>\n<li>Ksi\u0105\u017cki uwalniane w naszej bibliotece musz\u0105 by\u0107 w dobrym stanie<br \/>i przynajmniej na poziomie szko\u0142y \u015bredniej . Podr\u0119cznik\u00f3w szkolnych nie przyjmujemy \ud83d\ude09<\/li>\n<\/ol>\n<p>Wi\u0119cej informacji na ten temat na stronie\u00a0<a href=\"http:\/\/www.bookcrossing.pl\/\">www.bookcrossing.pl<\/a><\/p>","protected":false},"excerpt":{"rendered":"<p>Szkolny O\u015brodek Biblioteczno-Informacyjny Godziny pracy biblioteki:poniedzia\u0142ek- pi\u0105tek w godzinach od 8.00 do 14.00 Szkolny O\u015brodek prowadzony jest przez nauczyciela &#8211; bibliotekarza &nbsp;Aureli\u0119 Go\u0142\u0119biowsk\u0105 [&hellip;]<\/p>\n","protected":false},"author":1,"featured_media":0,"parent":0,"menu_order":5,"comment_status":"closed","ping_status":"closed","template":"page-no-title","meta":{"footnotes":""},"class_list":["post-184","page","type-page","status-publish","hentry"],"_links":{"self":[{"href":"https:\/\/szkola.2lo.pl\/index.php\/wp-json\/wp\/v2\/pages\/184","targetHints":{"allow":["GET"]}}],"collection":[{"href":"https:\/\/szkola.2lo.pl\/index.php\/wp-json\/wp\/v2\/pages"}],"about":[{"href":"https:\/\/szkola.2lo.pl\/index.php\/wp-json\/wp\/v2\/types\/page"}],"author":[{"embeddable":true,"href":"https:\/\/szkola.2lo.pl\/index.php\/wp-json\/wp\/v2\/users\/1"}],"replies":[{"embeddable":true,"href":"https:\/\/szkola.2lo.pl\/index.php\/wp-json\/wp\/v2\/comments?post=184"}],"version-history":[{"count":5,"href":"https:\/\/szkola.2lo.pl\/index.php\/wp-json\/wp\/v2\/pages\/184\/revisions"}],"predecessor-version":[{"id":5296,"href":"https:\/\/szkola.2lo.pl\/index.php\/wp-json\/wp\/v2\/pages\/184\/revisions\/5296"}],"wp:attachment":[{"href":"https:\/\/szkola.2lo.pl\/index.php\/wp-json\/wp\/v2\/media?parent=184"}],"curies":[{"name":"wp","href":"https:\/\/api.w.org\/{rel}","templated":true}]}}