{"id":4125,"date":"2023-03-07T12:03:52","date_gmt":"2023-03-07T11:03:52","guid":{"rendered":"https:\/\/szkola.2lo.pl\/?page_id=4125"},"modified":"2023-09-07T21:32:08","modified_gmt":"2023-09-07T19:32:08","slug":"mlegitymacja","status":"publish","type":"page","link":"https:\/\/szkola.2lo.pl\/index.php\/mlegitymacja\/","title":{"rendered":"mLegitymacja"},"content":{"rendered":"\n<h2 class=\"wp-block-heading has-text-align-center\"><strong>Projekt mLegitymacja<\/strong> <br><strong>w Zespole Szk\u00f3\u0142 Nr 1 im. H. Sienkiewicza w Ko\u0142obrzegu<\/strong><\/h2>\n\n\n\n<p>Nasza szko\u0142a przyst\u0105pi\u0142a do projektu mLegitymacja &nbsp;&#8211;&nbsp; jest &nbsp;&nbsp;to legitymacja szkolna w telefonie b\u0119d\u0105ca cz\u0119\u015bci\u0105 aplikacji mObywatel.<\/p>\n\n\n\n<p>Mobiln\u0105 legitymacj\u0119 mo\u017ce otrzyma\u0107 ka\u017cdy ucze\u0144, kt\u00f3remu wcze\u015bniej wydano tradycyjn\u0105 wersj\u0119 papierow\u0105 dokumentu. W tym mobilnym dokumencie zapisane s\u0105 wszystkie dane, kt\u00f3re mo\u017cna znale\u017a\u0107 w papierowej legitymacji: imi\u0119 i nazwisko ucznia, numer legitymacji, dat\u0119 wydania, termin wa\u017cno\u015bci, status u\u017cytkownika (ucze\u0144), dat\u0119 urodzenia, PESEL, adres zamieszkania, nazw\u0119 i adres szko\u0142y.<\/p>\n\n\n\n<p>Uczniowie mog\u0105 korzysta\u0107 z mLegitymacji w tych samych sytuacjach, w kt\u00f3rych obecnie korzystaj\u0105 z \u201etradycyjnych\u201d dokument\u00f3w: podczas kontroli bilet\u00f3w,&nbsp;przy zakupie bilet\u00f3w do kina itp.<\/p>\n\n\n\n<p>Okres wa\u017cno\u015bci mLegitymacji jest taki sam &nbsp;jak okres wa\u017cno\u015bci wydanej wcze\u015bniej wersji papierowej W przypadku utraty wa\u017cno\u015bci \u201etradycyjnej\u201d legitymacji, mobilna wersja dokumentu b\u0119dzie uniewa\u017cniana. Uniewa\u017cnienie b\u0119dzie mog\u0142o by\u0107 dokonane przez szko\u0142\u0119 tak\u017ce w przypadku utraty mLegitymacji na skutek uszkodze\u0144, niepoprawnego dzia\u0142ania lub utraty urz\u0105dzenia mobilnego, w kt\u00f3rym by\u0142a przechowywana&nbsp; (mLegitymacja jest przypisana do konkretnego urz\u0105dzenia &nbsp;w momencie zgubienia lub kradzie\u017cy telefonu nale\u017cy natychmiastowo poinformowa\u0107 &nbsp;&nbsp;osoby odpowiedzialne za wydawanie mLegitymacji).<\/p>\n\n\n\n<p>Wymagania sprz\u0119towe &nbsp;&nbsp;&#8211; telefon z systemem operacyjnym Android w wersji &nbsp;co najmniej 6.0. lub IOS (wersja 10.3 lub nowsza) Aby uruchomi\u0107 mLegitymacj\u0119 nale\u017cy: Z\u0142o\u017cy\u0107 wniosek do dyrektora szko\u0142y o wydanie mLegitymacji (do pobrania).<\/p>\n\n\n\n<p><strong>Wnioski prosimy przekazywa\u0107 do sekretariatu szko\u0142y oraz wys\u0142a\u0107 na adres sekretariatu jako za\u0142\u0105cznik zdj\u0119cie legitymacyjne w formacie JPG lub JPEG w rozmiarze do 5 MB, podpisane w nazwie pliku imieniem i nazwiskiem ucznia oraz klas\u0105.&nbsp; Pobra\u0107 Aplikacj\u0119 mObywatel , potwierdzi\u0107 regulamin.<\/strong><\/p>\n\n\n\n<div class=\"wp-block-file\"><a id=\"wp-block-file--media-865f1f13-0701-4b6e-bc79-87e9d11636fd\" href=\"https:\/\/szkola.2lo.pl\/wp-content\/uploads\/2023\/05\/wniosek_m_leg.docx\" target=\"_blank\" rel=\"noreferrer noopener\">wniosek_m_leg<\/a><\/div>\n\n\n\n<div class=\"wp-block-file\"><a id=\"wp-block-file--media-4f5711d9-0244-4a80-b76d-efd48725d644\" href=\"https:\/\/szkola.2lo.pl\/wp-content\/uploads\/2023\/05\/INSTRUKCJA_mLeg.pdf\" target=\"_blank\" rel=\"noreferrer noopener\">INSTRUKCJA_mLeg<\/a><\/div>\n","protected":false},"excerpt":{"rendered":"<p>Projekt mLegitymacja w Zespole Szk\u00f3\u0142 Nr 1 im. H. Sienkiewicza w Ko\u0142obrzegu Nasza szko\u0142a przyst\u0105pi\u0142a do projektu mLegitymacja &nbsp;&#8211;&nbsp; jest &nbsp;&nbsp;to legitymacja szkolna [&hellip;]<\/p>\n","protected":false},"author":1,"featured_media":0,"parent":0,"menu_order":0,"comment_status":"closed","ping_status":"closed","template":"page-no-title","meta":{"footnotes":""},"class_list":["post-4125","page","type-page","status-publish","hentry"],"_links":{"self":[{"href":"https:\/\/szkola.2lo.pl\/index.php\/wp-json\/wp\/v2\/pages\/4125","targetHints":{"allow":["GET"]}}],"collection":[{"href":"https:\/\/szkola.2lo.pl\/index.php\/wp-json\/wp\/v2\/pages"}],"about":[{"href":"https:\/\/szkola.2lo.pl\/index.php\/wp-json\/wp\/v2\/types\/page"}],"author":[{"embeddable":true,"href":"https:\/\/szkola.2lo.pl\/index.php\/wp-json\/wp\/v2\/users\/1"}],"replies":[{"embeddable":true,"href":"https:\/\/szkola.2lo.pl\/index.php\/wp-json\/wp\/v2\/comments?post=4125"}],"version-history":[{"count":4,"href":"https:\/\/szkola.2lo.pl\/index.php\/wp-json\/wp\/v2\/pages\/4125\/revisions"}],"predecessor-version":[{"id":5100,"href":"https:\/\/szkola.2lo.pl\/index.php\/wp-json\/wp\/v2\/pages\/4125\/revisions\/5100"}],"wp:attachment":[{"href":"https:\/\/szkola.2lo.pl\/index.php\/wp-json\/wp\/v2\/media?parent=4125"}],"curies":[{"name":"wp","href":"https:\/\/api.w.org\/{rel}","templated":true}]}}