{"id":4369,"date":"2023-05-24T12:45:36","date_gmt":"2023-05-24T10:45:36","guid":{"rendered":"https:\/\/szkola.2lo.pl\/?page_id=4369"},"modified":"2023-05-24T12:45:36","modified_gmt":"2023-05-24T10:45:36","slug":"henryki","status":"publish","type":"page","link":"https:\/\/szkola.2lo.pl\/index.php\/henryki\/","title":{"rendered":"Henryki"},"content":{"rendered":"\n<p>Rok 2016 zosta\u0142 ustanowiony Rokiem Henryka Sienkiewicza. Aby uczci\u0107 ten fakt Dyrekcja oraz Grono Pedagogiczne postanowi\u0142y ustanowi\u0107 nowe, szczeg\u00f3lne wyr\u00f3\u017cnienie, kt\u00f3re ma by\u0107 swoistego rodzaju ho\u0142dem z\u0142o\u017conym naszemu patronowi, jednemu z najwybitniejszych Polak\u00f3w, nobli\u015bcie i ulubie\u0144cowi narodu. Statuetka Henryk- bo o niej tu mowa- ma by\u0107 najwy\u017cszym szkolnym wyr\u00f3\u017cnieniem przyznawanym podczas szczeg\u00f3lnie wa\u017cnych dla nas jubileusz\u00f3w. W ten spos\u00f3b chcemy podzi\u0119kowa\u0107 wielu osobom i instytucjom za ich wk\u0142ad w dobre imi\u0119 szko\u0142y oraz kreowanie jej pozytywnego wizerunku w \u015brodowisku. Inauguracj\u0119 przyznawania Henryk\u00f3w rozpoczynamy 5 grudnia 2016 roku podczas <strong>Gali Sienkiewiczowskiej<\/strong> w Regionalnym Centrum Kultury, podczas kt\u00f3rej zostan\u0105 wr\u0119czone <strong>Henryki 2016<\/strong> w kategoriach: Przyjaciel Szko\u0142y, Super! Absolwent, Osobowo\u015b\u0107 Szkolna, Wyj\u0105tkowy Rodzic, Belfer Roku, a tak\u017ce nagroda specjalna: Super! Henryk. Jest to r\u00f3wnie\u017c wy\u015bmienita okazja, aby zintegrowa\u0107 \u015brodowisko zwi\u0105zane ze szko\u0142\u0105, spotka\u0107 si\u0119 z wieloma osobami wspieraj\u0105cymi jej rozw\u00f3j, podzi\u0119kowa\u0107 przyjacio\u0142om, a tak\u017ce- mamy nadziej\u0119 &#8211; pozna\u0107 nowych, bo jak pisa\u0142 Henryk Sienkiewicz: <em>Nie rzeczywisto\u015b\u0107 sama, ale serce, z jakim ku niej przyst\u0119pujemy, daje rzeczom kszta\u0142ty i kolory.<\/em><\/p>\n","protected":false},"excerpt":{"rendered":"<p>Rok 2016 zosta\u0142 ustanowiony Rokiem Henryka Sienkiewicza. Aby uczci\u0107 ten fakt Dyrekcja oraz Grono Pedagogiczne postanowi\u0142y ustanowi\u0107 nowe, szczeg\u00f3lne wyr\u00f3\u017cnienie, kt\u00f3re ma by\u0107 [&hellip;]<\/p>\n","protected":false},"author":1,"featured_media":0,"parent":0,"menu_order":0,"comment_status":"closed","ping_status":"closed","template":"page-no-title","meta":{"footnotes":""},"class_list":["post-4369","page","type-page","status-publish","hentry"],"_links":{"self":[{"href":"https:\/\/szkola.2lo.pl\/index.php\/wp-json\/wp\/v2\/pages\/4369","targetHints":{"allow":["GET"]}}],"collection":[{"href":"https:\/\/szkola.2lo.pl\/index.php\/wp-json\/wp\/v2\/pages"}],"about":[{"href":"https:\/\/szkola.2lo.pl\/index.php\/wp-json\/wp\/v2\/types\/page"}],"author":[{"embeddable":true,"href":"https:\/\/szkola.2lo.pl\/index.php\/wp-json\/wp\/v2\/users\/1"}],"replies":[{"embeddable":true,"href":"https:\/\/szkola.2lo.pl\/index.php\/wp-json\/wp\/v2\/comments?post=4369"}],"version-history":[{"count":1,"href":"https:\/\/szkola.2lo.pl\/index.php\/wp-json\/wp\/v2\/pages\/4369\/revisions"}],"predecessor-version":[{"id":4370,"href":"https:\/\/szkola.2lo.pl\/index.php\/wp-json\/wp\/v2\/pages\/4369\/revisions\/4370"}],"wp:attachment":[{"href":"https:\/\/szkola.2lo.pl\/index.php\/wp-json\/wp\/v2\/media?parent=4369"}],"curies":[{"name":"wp","href":"https:\/\/api.w.org\/{rel}","templated":true}]}}

<p>Rok 2016 został ustanowiony Rokiem Henryka Sienkiewicza. Aby uczcić ten fakt Dyrekcja oraz Grono Pedagogiczne postanowiły ustanowić nowe, szczególne wyróżnienie, które ma być swoistego rodzaju hołdem złożonym naszemu patronowi, jednemu z najwybitniejszych Polaków, nobliście i ulubieńcowi narodu. Statuetka Henryk- bo o niej tu mowa- ma być najwyższym szkolnym wyróżnieniem przyznawanym podczas szczególnie ważnych dla nas jubileuszów. W ten sposób chcemy podziękować wielu osobom i instytucjom za ich wkład w dobre imię szkoły oraz kreowanie jej pozytywnego wizerunku w środowisku. Inaugurację przyznawania Henryków rozpoczynamy 5 grudnia 2016 roku podczas <strong>Gali Sienkiewiczowskiej</strong> w Regionalnym Centrum Kultury, podczas której zostaną wręczone <strong>Henryki 2016</strong> w kategoriach: Przyjaciel Szkoły, Super! Absolwent, Osobowość Szkolna, Wyjątkowy Rodzic, Belfer Roku, a także nagroda specjalna: Super! Henryk. Jest to również wyśmienita okazja, aby zintegrować środowisko związane ze szkołą, spotkać się z wieloma osobami wspierającymi jej rozwój, podziękować przyjaciołom, a także- mamy nadzieję &#8211; poznać nowych, bo jak pisał Henryk Sienkiewicz: <em>Nie rzeczywistość sama, ale serce, z jakim ku niej przystępujemy, daje rzeczom kształty i kolory.</em></p>

<p>Rok 2016 został ustanowiony Rokiem Henryka Sienkiewicza. Aby uczcić ten fakt Dyrekcja oraz Grono Pedagogiczne postanowiły ustanowić nowe, szczególne wyróżnienie, które ma być [&hellip;]</p>
