{"id":4400,"date":"2023-05-24T13:05:23","date_gmt":"2023-05-24T11:05:23","guid":{"rendered":"https:\/\/szkola.2lo.pl\/?page_id=4400"},"modified":"2025-12-15T12:58:24","modified_gmt":"2025-12-15T11:58:24","slug":"kategorie","status":"publish","type":"page","link":"https:\/\/szkola.2lo.pl\/index.php\/henryki\/kategorie\/","title":{"rendered":"Kategorie"},"content":{"rendered":"\n<h4 class=\"wp-block-heading\">1. PRZYJACIEL SZKO\u0141Y<\/h4>\n\n\n\n<p><strong>Statuetk\u0119 w kategorii PRZYJACIEL SZKO\u0141Y mo\u017ce otrzyma\u0107 osoba lub instytucja, kt\u00f3ra:<\/strong><br><br>a) bezinteresownie pracuje na rzecz szko\u0142y i pomaga w realizacji dzia\u0142a\u0144 dydaktycznych, opieku\u0144czych lub wychowawczych,<br>b) znacznie pomaga materialnie i finansowo szkole oraz uczniom,<br>c) publicznie wspiera i popularyzuje dzia\u0142ania szko\u0142y, wp\u0142ywaj\u0105c na jej pozytywny wizerunek w \u015brodowisku lokalnym<\/p>\n\n\n\n<p><\/p>\n\n\n\n<h4 class=\"wp-block-heading\">2. OSOBOWO\u015a\u0106 SZKOLNA<\/h4>\n\n\n\n<p><strong>Statuetk\u0119 w kategorii OSOBOWO\u015a\u0106 SZKOLNA mo\u017ce otrzyma\u0107 ucze\u0144 ucz\u0119szczaj\u0105cy w danym roku szkolnym do Zespo\u0142u Szk\u00f3\u0142 Nr 1 im. H. Sienkiewicza, kt\u00f3ry:<\/strong><br><br>a) jest kreatywny,<br>b) aktywnie uczestniczy w pracach szko\u0142y lub \u015brodowiska lokalnego,<br>c) wykazuje niezwyk\u0142e zainteresowania,<br>d) szanuje tradycje szkolne i narodowe,<br>e) dba o honor sw\u00f3j i szko\u0142y,<br>f) jest rzetelny i odpowiedzialny,<br>g) prezentuje wysok\u0105 kultur\u0119 osobist\u0105,<br>h) jest wra\u017cliwy na potrzeby innych,<br>i) jest kole\u017ce\u0144ski,<br>j) jest uczciwy (wobec siebie i innych),<br>k) jest tolerancyjny,<br>l) pracuje nad wykszta\u0142ceniem u siebie pozytywnych cech,<br>m) posiada nienagann\u0105 opini\u0119 w \u015brodowisku szkolnym.<\/p>\n\n\n\n<p><\/p>\n\n\n\n<h4 class=\"wp-block-heading\">3. WYJ\u0104TKOWY RODZIC<\/h4>\n\n\n\n<p><strong>Statuetk\u0119 w kategorii WYJ\u0104TKOWY RODZIC mo\u017ce otrzyma\u0107 rodzic obecnych lub by\u0142ych uczni\u00f3w, kt\u00f3ry:<\/strong><br><br>a) aktywnie uczestniczy (uczestniczy\u0142) w pracach Rady Rodzic\u00f3w,<br>b) wsp\u00f3\u0142pracuje (wsp\u00f3\u0142pracowa\u0142) z dyrekcj\u0105 szko\u0142y, po\u015bwi\u0119caj\u0105c sw\u00f3j czas,<br>c) podejmuj\u0105c decyzje, kieruje si\u0119 (kierowa\u0142 si\u0119) dobrem szko\u0142y i przyczynia si\u0119 (przyczyni\u0142 si\u0119) do jej dobrego funkcjonowania i rozwoju.<\/p>\n\n\n\n<p><\/p>\n\n\n\n<h4 class=\"wp-block-heading\">4. BELFER ROKU<\/h4>\n\n\n\n<p><strong>Statuetk\u0119 w kategorii BELFER ROKU mo\u017ce otrzyma\u0107 nauczyciel b\u0119d\u0105cy cz\u0142onkiem Rady Pedagogicznej w aktualnym roku szkolnym, kt\u00f3ry:<\/strong><br><br>a) tw\u00f3rczo rozwija zainteresowania uczni\u00f3w,<br>b) pomaga swym podopiecznym zdobywa\u0107 tytu\u0142y finalist\u00f3w i laureat\u00f3w olimpiad, konkurs\u00f3w przedmiotowych i zawod\u00f3w sportowych,<br>c) anga\u017cuje si\u0119 w wychowanie m\u0142odzie\u017cy,<br>d) jest darzony powszechnym szacunkiem,<br>e) jest autorytetem dla m\u0142odzie\u017cy.<\/p>\n\n\n\n<p><\/p>\n\n\n\n<h4 class=\"wp-block-heading\">5. SUPER! ABSOLWENT<\/h4>\n\n\n\n<p><strong>Statuetk\u0119 w kategorii SUPER ABSOLWENT mo\u017ce otrzyma\u0107 ucze\u0144, kt\u00f3ry uzyska\u0142 \u015bwiadectwo uko\u0144czenia Zespo\u0142u Szk\u00f3\u0142 Nr 1 im. H. Sienkiewicza i:<\/strong><br><br>a) aktywnie dzia\u0142a (dzia\u0142a\u0142) na rzecz szko\u0142y,<br>b) promuje szko\u0142\u0119 poprzez dzia\u0142alno\u015b\u0107 w wybranej dziedzinie np. nauce, kulturze, sztuce, sporcie lub dzia\u0142alno\u015bci spo\u0142ecznej,<br>c) godnie reprezentuje szko\u0142\u0119 w \u015brodowisku lokalnym,<br>d) posiada nienagann\u0105 opini\u0119 w \u015brodowisku.<\/p>\n\n\n\n<p><\/p>\n\n\n\n<p><\/p>\n\n\n\n<h3 class=\"wp-block-heading has-text-align-center\"><strong>NAGRODA SPECJALNA<\/strong><\/h3>\n\n\n\n<p><\/p>\n\n\n\n<p><\/p>\n\n\n\n<h4 class=\"wp-block-heading\">SUPER! HENRYK<\/h4>\n\n\n\n<p><strong>Statuetka w kategorii SUPER! HENRYK jest wyrazem szczeg\u00f3lnej wdzi\u0119czno\u015bci za wsparcie finansowe, rzeczowe lub prac\u0119 na rzecz szko\u0142y i mo\u017ce j\u0105 otrzyma\u0107 osoba, firma lub instytucja, kt\u00f3ra:<\/strong><br><br>a) jest szczeg\u00f3lnie zas\u0142u\u017cona dla szko\u0142y,<br>b) dzi\u0119ki swojemu wieloletniemu zaanga\u017cowaniu i pracy znacz\u0105co wp\u0142yn\u0119\u0142a na pozytywny wizerunek szko\u0142y,<br>c) swoj\u0105 aktywno\u015bci\u0105 i zaanga\u017cowaniem s\u0142u\u017cy\/s\u0142u\u017cy\u0142a rozwojowi plac\u00f3wki,<br>d) przyczyni\u0142a si\u0119 do uzyskania znacz\u0105cej pomocy szkole,<br>e) aktywnie uczestniczy\u0142a w \u017cyciu szko\u0142y.<\/p>\n\n\n\n<h3 class=\"wp-block-heading has-text-align-center\"><strong> Nagroda jubileuszowa<\/strong><\/h3>\n\n\n\n<h2 class=\"wp-block-heading has-text-align-center has-luminous-vivid-amber-color has-text-color has-link-color wp-elements-6eac6ebd4982845a0cd99b319d2f6a5a\"><strong>Z\u0141OTY HENRYK<\/strong><\/h2>\n\n\n\n<p><strong>Statuetka w kategorii Z\u0141OTY HENRYK jest szczeg\u00f3lnym wyr\u00f3\u017cnieniem przyznawanym z okazji \u015awi\u0119ta Szko\u0142y i mo\u017ce j\u0105 otrzyma\u0107 osoba, kt\u00f3ra:<\/strong><\/p>\n\n\n\n<p>a) jest (lub by\u0142a) pracownikiem Zespo\u0142u Szk\u00f3\u0142 Nr 1 im. H. Sienkiewicza w Ko\u0142obrzegu z d\u0142ugim sta\u017cem pracy (co najmniej 20. letnim)<\/p>\n\n\n\n<p>b) jest szczeg\u00f3lnie zas\u0142u\u017cona dla szko\u0142y<\/p>\n\n\n\n<p>c) dzi\u0119ki swojemu wieloletniemu zaanga\u017cowaniu i pracy znacz\u0105co wp\u0142ywa (lub wp\u0142yn\u0119\u0142a) na pozytywny wizerunek szko\u0142y<\/p>\n\n\n\n<p>d) publicznie wspiera i popularyzuje dzia\u0142ania szko\u0142y, wp\u0142ywaj\u0105c na jej pozytywny wizerunek w \u015brodowisku lokalnym<\/p>\n\n\n\n<p>e) jest darzona powszechnym szacunkiem i uto\u017csamiana z funkcjonowaniem szko\u0142y<\/p>\n\n\n\n<p><strong>Decyzj\u0119 o przyznaniu statuetki w kategorii Z\u0141OTY HENRYK podejmuje Dyrektor Zespo\u0142u Szk\u00f3\u0142 Nr 1 im. Henryka w porozumieniu z Kapitu\u0142\u0105 Konkursu Sienkiewicza w Ko\u0142obrzegu<\/strong>.<\/p>\n\n\n\n<p><\/p>\n","protected":false},"excerpt":{"rendered":"<p>1. PRZYJACIEL SZKO\u0141Y Statuetk\u0119 w kategorii PRZYJACIEL SZKO\u0141Y mo\u017ce otrzyma\u0107 osoba lub instytucja, kt\u00f3ra: a) bezinteresownie pracuje na rzecz szko\u0142y i pomaga w [&hellip;]<\/p>\n","protected":false},"author":1,"featured_media":0,"parent":4369,"menu_order":0,"comment_status":"closed","ping_status":"closed","template":"page-no-title","meta":{"footnotes":""},"class_list":["post-4400","page","type-page","status-publish","hentry"],"_links":{"self":[{"href":"https:\/\/szkola.2lo.pl\/index.php\/wp-json\/wp\/v2\/pages\/4400","targetHints":{"allow":["GET"]}}],"collection":[{"href":"https:\/\/szkola.2lo.pl\/index.php\/wp-json\/wp\/v2\/pages"}],"about":[{"href":"https:\/\/szkola.2lo.pl\/index.php\/wp-json\/wp\/v2\/types\/page"}],"author":[{"embeddable":true,"href":"https:\/\/szkola.2lo.pl\/index.php\/wp-json\/wp\/v2\/users\/1"}],"replies":[{"embeddable":true,"href":"https:\/\/szkola.2lo.pl\/index.php\/wp-json\/wp\/v2\/comments?post=4400"}],"version-history":[{"count":4,"href":"https:\/\/szkola.2lo.pl\/index.php\/wp-json\/wp\/v2\/pages\/4400\/revisions"}],"predecessor-version":[{"id":6498,"href":"https:\/\/szkola.2lo.pl\/index.php\/wp-json\/wp\/v2\/pages\/4400\/revisions\/6498"}],"up":[{"embeddable":true,"href":"https:\/\/szkola.2lo.pl\/index.php\/wp-json\/wp\/v2\/pages\/4369"}],"wp:attachment":[{"href":"https:\/\/szkola.2lo.pl\/index.php\/wp-json\/wp\/v2\/media?parent=4400"}],"curies":[{"name":"wp","href":"https:\/\/api.w.org\/{rel}","templated":true}]}}

<h4 class="wp-block-heading">1. PRZYJACIEL SZKOŁY</h4>



<p><strong>Statuetkę w kategorii PRZYJACIEL SZKOŁY może otrzymać osoba lub instytucja, która:</strong><br><br>a) bezinteresownie pracuje na rzecz szkoły i pomaga w realizacji działań dydaktycznych, opiekuńczych lub wychowawczych,<br>b) znacznie pomaga materialnie i finansowo szkole oraz uczniom,<br>c) publicznie wspiera i popularyzuje działania szkoły, wpływając na jej pozytywny wizerunek w środowisku lokalnym</p>



<p></p>



<h4 class="wp-block-heading">2. OSOBOWOŚĆ SZKOLNA</h4>



<p><strong>Statuetkę w kategorii OSOBOWOŚĆ SZKOLNA może otrzymać uczeń uczęszczający w danym roku szkolnym do Zespołu Szkół Nr 1 im. H. Sienkiewicza, który:</strong><br><br>a) jest kreatywny,<br>b) aktywnie uczestniczy w pracach szkoły lub środowiska lokalnego,<br>c) wykazuje niezwykłe zainteresowania,<br>d) szanuje tradycje szkolne i narodowe,<br>e) dba o honor swój i szkoły,<br>f) jest rzetelny i odpowiedzialny,<br>g) prezentuje wysoką kulturę osobistą,<br>h) jest wrażliwy na potrzeby innych,<br>i) jest koleżeński,<br>j) jest uczciwy (wobec siebie i innych),<br>k) jest tolerancyjny,<br>l) pracuje nad wykształceniem u siebie pozytywnych cech,<br>m) posiada nienaganną opinię w środowisku szkolnym.</p>



<p></p>



<h4 class="wp-block-heading">3. WYJĄTKOWY RODZIC</h4>



<p><strong>Statuetkę w kategorii WYJĄTKOWY RODZIC może otrzymać rodzic obecnych lub byłych uczniów, który:</strong><br><br>a) aktywnie uczestniczy (uczestniczył) w pracach Rady Rodziców,<br>b) współpracuje (współpracował) z dyrekcją szkoły, poświęcając swój czas,<br>c) podejmując decyzje, kieruje się (kierował się) dobrem szkoły i przyczynia się (przyczynił się) do jej dobrego funkcjonowania i rozwoju.</p>



<p></p>



<h4 class="wp-block-heading">4. BELFER ROKU</h4>



<p><strong>Statuetkę w kategorii BELFER ROKU może otrzymać nauczyciel będący członkiem Rady Pedagogicznej w aktualnym roku szkolnym, który:</strong><br><br>a) twórczo rozwija zainteresowania uczniów,<br>b) pomaga swym podopiecznym zdobywać tytuły finalistów i laureatów olimpiad, konkursów przedmiotowych i zawodów sportowych,<br>c) angażuje się w wychowanie młodzieży,<br>d) jest darzony powszechnym szacunkiem,<br>e) jest autorytetem dla młodzieży.</p>



<p></p>



<h4 class="wp-block-heading">5. SUPER! ABSOLWENT</h4>



<p><strong>Statuetkę w kategorii SUPER ABSOLWENT może otrzymać uczeń, który uzyskał świadectwo ukończenia Zespołu Szkół Nr 1 im. H. Sienkiewicza i:</strong><br><br>a) aktywnie działa (działał) na rzecz szkoły,<br>b) promuje szkołę poprzez działalność w wybranej dziedzinie np. nauce, kulturze, sztuce, sporcie lub działalności społecznej,<br>c) godnie reprezentuje szkołę w środowisku lokalnym,<br>d) posiada nienaganną opinię w środowisku.</p>



<p></p>



<p></p>



<h3 class="wp-block-heading has-text-align-center"><strong>NAGRODA SPECJALNA</strong></h3>



<p></p>



<p></p>



<h4 class="wp-block-heading">SUPER! HENRYK</h4>



<p><strong>Statuetka w kategorii SUPER! HENRYK jest wyrazem szczególnej wdzięczności za wsparcie finansowe, rzeczowe lub pracę na rzecz szkoły i może ją otrzymać osoba, firma lub instytucja, która:</strong><br><br>a) jest szczególnie zasłużona dla szkoły,<br>b) dzięki swojemu wieloletniemu zaangażowaniu i pracy znacząco wpłynęła na pozytywny wizerunek szkoły,<br>c) swoją aktywnością i zaangażowaniem służy/służyła rozwojowi placówki,<br>d) przyczyniła się do uzyskania znaczącej pomocy szkole,<br>e) aktywnie uczestniczyła w życiu szkoły.</p>



<h3 class="wp-block-heading has-text-align-center"><strong> Nagroda jubileuszowa</strong></h3>



<h2 class="wp-block-heading has-text-align-center has-luminous-vivid-amber-color has-text-color has-link-color wp-elements-6eac6ebd4982845a0cd99b319d2f6a5a"><strong>ZŁOTY HENRYK</strong></h2>



<p><strong>Statuetka w kategorii ZŁOTY HENRYK jest szczególnym wyróżnieniem przyznawanym z okazji Święta Szkoły i może ją otrzymać osoba, która:</strong></p>



<p>a) jest (lub była) pracownikiem Zespołu Szkół Nr 1 im. H. Sienkiewicza w Kołobrzegu z długim stażem pracy (co najmniej 20. letnim)</p>



<p>b) jest szczególnie zasłużona dla szkoły</p>



<p>c) dzięki swojemu wieloletniemu zaangażowaniu i pracy znacząco wpływa (lub wpłynęła) na pozytywny wizerunek szkoły</p>



<p>d) publicznie wspiera i popularyzuje działania szkoły, wpływając na jej pozytywny wizerunek w środowisku lokalnym</p>



<p>e) jest darzona powszechnym szacunkiem i utożsamiana z funkcjonowaniem szkoły</p>



<p><strong>Decyzję o przyznaniu statuetki w kategorii ZŁOTY HENRYK podejmuje Dyrektor Zespołu Szkół Nr 1 im. Henryka w porozumieniu z Kapitułą Konkursu Sienkiewicza w Kołobrzegu</strong>.</p>



<p></p>

<p>1. PRZYJACIEL SZKOŁY Statuetkę w kategorii PRZYJACIEL SZKOŁY może otrzymać osoba lub instytucja, która: a) bezinteresownie pracuje na rzecz szkoły i pomaga w [&hellip;]</p>
