{"id":4404,"date":"2023-05-24T13:11:03","date_gmt":"2023-05-24T11:11:03","guid":{"rendered":"https:\/\/szkola.2lo.pl\/?page_id=4404"},"modified":"2025-12-15T10:26:18","modified_gmt":"2025-12-15T09:26:18","slug":"sponsorzy","status":"publish","type":"page","link":"https:\/\/szkola.2lo.pl\/index.php\/sponsorzy\/","title":{"rendered":"Sponsorzy"},"content":{"rendered":"\n<h2 class=\"wp-block-heading has-text-align-center has-primary-color has-text-color has-link-color wp-elements-502980dd404a6dad7fe2121635708083\"> Rok 2025<\/h2>\n\n\n\n<p><\/p>\n\n\n\n<div class=\"wp-block-columns is-layout-flex wp-container-core-columns-is-layout-28f84493 wp-block-columns-is-layout-flex\">\n<div class=\"wp-block-column is-layout-flow wp-block-column-is-layout-flow\">\n<figure class=\"wp-block-image size-large\"><img loading=\"lazy\" decoding=\"async\" width=\"1024\" height=\"251\" src=\"https:\/\/szkola.2lo.pl\/wp-content\/uploads\/2025\/12\/piwkarnia_wierzbowscy-1024x251.webp\" alt=\"\" class=\"wp-image-6459\" srcset=\"https:\/\/szkola.2lo.pl\/wp-content\/uploads\/2025\/12\/piwkarnia_wierzbowscy-1024x251.webp 1024w, https:\/\/szkola.2lo.pl\/wp-content\/uploads\/2025\/12\/piwkarnia_wierzbowscy-300x74.webp 300w, https:\/\/szkola.2lo.pl\/wp-content\/uploads\/2025\/12\/piwkarnia_wierzbowscy-768x189.webp 768w, https:\/\/szkola.2lo.pl\/wp-content\/uploads\/2025\/12\/piwkarnia_wierzbowscy.webp 1100w\" sizes=\"auto, (max-width: 1024px) 100vw, 1024px\" \/><\/figure>\n<\/div>\n\n\n\n<div class=\"wp-block-column is-layout-flow wp-block-column-is-layout-flow\">\n<figure class=\"wp-block-image size-large\"><a href=\"https:\/\/polferries.pl\/\"><img loading=\"lazy\" decoding=\"async\" width=\"1024\" height=\"263\" src=\"https:\/\/szkola.2lo.pl\/wp-content\/uploads\/2025\/12\/Polska-zegluga-1024x263.png\" alt=\"\" class=\"wp-image-6456\" srcset=\"https:\/\/szkola.2lo.pl\/wp-content\/uploads\/2025\/12\/Polska-zegluga-1024x263.png 1024w, https:\/\/szkola.2lo.pl\/wp-content\/uploads\/2025\/12\/Polska-zegluga-300x77.png 300w, https:\/\/szkola.2lo.pl\/wp-content\/uploads\/2025\/12\/Polska-zegluga-768x197.png 768w, https:\/\/szkola.2lo.pl\/wp-content\/uploads\/2025\/12\/Polska-zegluga.png 1278w\" sizes=\"auto, (max-width: 1024px) 100vw, 1024px\" \/><\/a><\/figure>\n<\/div>\n\n\n\n<div class=\"wp-block-column is-layout-flow wp-block-column-is-layout-flow\">\n<figure class=\"wp-block-image size-full\"><a href=\"https:\/\/tobis.com.pl\/\"><img loading=\"lazy\" decoding=\"async\" width=\"789\" height=\"275\" src=\"https:\/\/szkola.2lo.pl\/wp-content\/uploads\/2025\/12\/TOBIS.jpg\" alt=\"\" class=\"wp-image-6458\" srcset=\"https:\/\/szkola.2lo.pl\/wp-content\/uploads\/2025\/12\/TOBIS.jpg 789w, https:\/\/szkola.2lo.pl\/wp-content\/uploads\/2025\/12\/TOBIS-300x105.jpg 300w, https:\/\/szkola.2lo.pl\/wp-content\/uploads\/2025\/12\/TOBIS-768x268.jpg 768w\" sizes=\"auto, (max-width: 789px) 100vw, 789px\" \/><\/a><\/figure>\n<\/div>\n<\/div>\n\n\n\n<h2 class=\"wp-block-heading has-text-align-center has-primary-color has-text-color has-link-color wp-elements-858d057ed6b44428ae9bcd3525770f08\"> Rok 2016<\/h2>\n\n\n\n<p><\/p>\n\n\n\n<figure class=\"wp-block-table\"><table class=\"has-fixed-layout\"><tbody><tr><td class=\"has-text-align-center\" data-align=\"center\"><img decoding=\"async\" src=\"http:\/\/szkola.2lo.pl\/data\/Henryki\/Sponsorzy\/powiat_kolobrzeski.jpg\" alt=\"\"> &nbsp;<a href=\"https:\/\/powiat.kolobrzeg.pl\/\" data-type=\"URL\" data-id=\"https:\/\/powiat.kolobrzeg.pl\/\"><img loading=\"lazy\" decoding=\"async\" width=\"120\" height=\"120\" class=\"wp-image-4530\" style=\"width: 120px;\" src=\"https:\/\/szkola.2lo.pl\/wp-content\/uploads\/2023\/05\/stpwk-1.webp\" alt=\"\"><\/a><br><br><strong> Starostwo Powiatowe<br>w Ko\u0142obrzegu<\/strong><\/td><td class=\"has-text-align-center\" data-align=\"center\"><a href=\"https:\/\/i-kolobrzeg.pl\/\" data-type=\"URL\" data-id=\"https:\/\/i-kolobrzeg.pl\/\"><img loading=\"lazy\" decoding=\"async\" width=\"170\" height=\"85\" class=\"wp-image-4526\" style=\"width: 170px;\" src=\"https:\/\/szkola.2lo.pl\/wp-content\/uploads\/2023\/05\/mk.webp\" alt=\"\"><\/a><br><strong>Miasto Ko\u0142obrzeg<\/strong><\/td><td class=\"has-text-align-center\" data-align=\"center\"><img decoding=\"async\" src=\"http:\/\/szkola.2lo.pl\/data\/Henryki\/Sponsorzy\/LOGO ZPM_zarzad_portu_morskiego.jpg\" alt=\"\"><a href=\"https:\/\/zpmkolobrzeg.pl\/\" data-type=\"URL\" data-id=\"https:\/\/zpmkolobrzeg.pl\/\"><img loading=\"lazy\" decoding=\"async\" width=\"150\" height=\"150\" class=\"wp-image-4527\" style=\"width: 150px;\" src=\"https:\/\/szkola.2lo.pl\/wp-content\/uploads\/2023\/05\/morski-1.webp\" alt=\"\"><\/a><br>&nbsp; <strong>Zarz\u0105d Portu Morskiego Ko\u0142obrzeg<\/strong><\/td><\/tr><tr><td class=\"has-text-align-center\" data-align=\"center\"><strong><img decoding=\"async\" src=\"http:\/\/szkola.2lo.pl\/data\/Henryki\/Sponsorzy\/teraz_opera_logo_kolor.jpg\" alt=\"\"> &nbsp;<\/strong><a href=\"https:\/\/www.opera.szczecin.pl\/\" data-type=\"URL\" data-id=\"https:\/\/www.opera.szczecin.pl\/\"><img loading=\"lazy\" decoding=\"async\" width=\"150\" height=\"150\" class=\"wp-image-4529\" style=\"width: 150px;\" src=\"https:\/\/szkola.2lo.pl\/wp-content\/uploads\/2023\/05\/opera.webp\" alt=\"\"><\/a><br><strong> Opera na Zamku w Szczecinie<\/strong><\/td><td class=\"has-text-align-center\" data-align=\"center\"><img decoding=\"async\" src=\"http:\/\/szkola.2lo.pl\/data\/Henryki\/Sponsorzy\/Kamera.jpg\" alt=\"\"> &nbsp;<a href=\"https:\/\/www.kamerapress.pl\/pl\/\" data-type=\"URL\" data-id=\"https:\/\/www.kamerapress.pl\/pl\/\"><img loading=\"lazy\" decoding=\"async\" width=\"150\" height=\"150\" class=\"wp-image-4525\" style=\"width: 150px;\" src=\"https:\/\/szkola.2lo.pl\/wp-content\/uploads\/2023\/05\/kamera.webp\" alt=\"\"><\/a><br> <strong>Wydawnictwo Kamera<\/strong><\/td><td class=\"has-text-align-center\" data-align=\"center\"><strong><img decoding=\"async\" src=\"http:\/\/szkola.2lo.pl\/data\/Henryki\/Sponsorzy\/logo_R_hotel _mini.jpg\" alt=\"\"> &nbsp;<\/strong><a href=\"https:\/\/www.havethotel.pl\/\" data-type=\"URL\" data-id=\"https:\/\/www.havethotel.pl\/\"><img loading=\"lazy\" decoding=\"async\" width=\"150\" height=\"150\" class=\"wp-image-4524\" style=\"width: 150px;\" src=\"https:\/\/szkola.2lo.pl\/wp-content\/uploads\/2023\/05\/havet.webp\" alt=\"\"><\/a><br><strong>Havet Hotel Resort &amp; Spa D\u017awirzyno<\/strong><\/td><\/tr><tr><td class=\"has-text-align-center\" data-align=\"center\"><strong><img decoding=\"async\" src=\"http:\/\/szkola.2lo.pl\/data\/Henryki\/Sponsorzy\/diva_logo.jpg\" alt=\"\"> &nbsp; <\/strong><a href=\"https:\/\/hoteldivaspa.pl\/\" data-type=\"URL\" data-id=\"https:\/\/hoteldivaspa.pl\/\"><img loading=\"lazy\" decoding=\"async\" width=\"150\" height=\"150\" class=\"wp-image-4523\" style=\"width: 150px;\" src=\"https:\/\/szkola.2lo.pl\/wp-content\/uploads\/2023\/05\/diva.webp\" alt=\"\"><\/a><br><br><strong>Hotel Diva Spa w Ko\u0142obrzegu<\/strong><\/td><td class=\"has-text-align-center\" data-align=\"center\"><strong><img decoding=\"async\" src=\"http:\/\/szkola.2lo.pl\/data\/Henryki\/Sponsorzy\/logo_wolski_travel.jpg\" alt=\"\"> &nbsp; <\/strong><a href=\"https:\/\/wolskitravel.pl\/\" data-type=\"URL\" data-id=\"https:\/\/wolskitravel.pl\/\"><img loading=\"lazy\" decoding=\"async\" width=\"150\" height=\"150\" class=\"wp-image-4533\" style=\"width: 150px;\" src=\"https:\/\/szkola.2lo.pl\/wp-content\/uploads\/2023\/05\/wolski.webp\" alt=\"\"><\/a><br><br><strong>Wolski Travel<\/strong><\/td><td class=\"has-text-align-center\" data-align=\"center\"><strong><img decoding=\"async\" src=\"http:\/\/szkola.2lo.pl\/data\/Henryki\/Sponsorzy\/LOGOtrio_molo.jpg\" alt=\"\"> &nbsp;<\/strong><a href=\"https:\/\/www.facebook.com\/TRioMoloCafe\/?locale=pl_PL\" data-type=\"URL\" data-id=\"https:\/\/www.facebook.com\/TRioMoloCafe\/?locale=pl_PL\"><img loading=\"lazy\" decoding=\"async\" width=\"150\" height=\"150\" class=\"wp-image-4532\" style=\"width: 150px;\" src=\"https:\/\/szkola.2lo.pl\/wp-content\/uploads\/2023\/05\/triomolo.webp\" alt=\"\"><\/a><br><br><strong> tRio MOLO Cafe &amp; Restaurant<\/strong><\/td><\/tr><tr><td class=\"has-text-align-center\" data-align=\"center\"><a href=\"https:\/\/www.almako.pl\/\" data-type=\"URL\" data-id=\"https:\/\/www.almako.pl\/\"><img loading=\"lazy\" decoding=\"async\" width=\"150\" height=\"150\" class=\"wp-image-4522\" style=\"width: 150px;\" src=\"https:\/\/szkola.2lo.pl\/wp-content\/uploads\/2023\/05\/almako.webp\" alt=\"\"><\/a><br><strong>Almako sp.j. Handel i us\u0142ugi<br>A. Przybylski<img decoding=\"async\" src=\"http:\/\/szkola.2lo.pl\/data\/Henryki\/Sponsorzy\/magia_kwiatow.jpg\" alt=\"\"><\/strong><\/td><td class=\"has-text-align-center\" data-align=\"center\"><strong><img decoding=\"async\" src=\"http:\/\/szkola.2lo.pl\/data\/Henryki\/Sponsorzy\/tobis_logo_drzewko.jpg\" alt=\"\"> &nbsp; <\/strong><a href=\"http:\/\/tobis.com.pl\/\" data-type=\"URL\" data-id=\"http:\/\/tobis.com.pl\/\"><img loading=\"lazy\" decoding=\"async\" width=\"150\" height=\"150\" class=\"wp-image-4531\" style=\"width: 150px;\" src=\"https:\/\/szkola.2lo.pl\/wp-content\/uploads\/2023\/05\/tobis.webp\" alt=\"\"><\/a><br><br><strong>Firma TOBIS w Ko\u0142obrzegu<\/strong><\/td><td class=\"has-text-align-center\" data-align=\"center\"><strong><img decoding=\"async\" src=\"http:\/\/szkola.2lo.pl\/data\/Henryki\/Sponsorzy\/logonadlesnictwo_goscino.jpg\" alt=\"\"> &nbsp; <\/strong><a href=\"https:\/\/goscino.szczecinek.lasy.gov.pl\/\" data-type=\"URL\" data-id=\"https:\/\/goscino.szczecinek.lasy.gov.pl\/\"><img loading=\"lazy\" decoding=\"async\" width=\"150\" height=\"150\" class=\"wp-image-4528\" style=\"width: 150px;\" src=\"https:\/\/szkola.2lo.pl\/wp-content\/uploads\/2023\/05\/nadlesnictwo.webp\" alt=\"\"><\/a><br><br><strong>Nadle\u015bnictwo Go\u015bcino<\/strong><\/td><\/tr><\/tbody><\/table><\/figure>\n\n\n\n<p><\/p>\n\n\n\n<p><\/p>\n\n\n\n<h5 class=\"wp-block-heading\">JOANNA HECIAK<\/h5>\n\n\n\n<p><strong>ORAZ PRZYJACIELE SZKO\u0141Y<\/strong>:<br><\/p>\n\n\n\n<h5 class=\"wp-block-heading\">ANNA ZAGDA\u0143SKA<\/h5>\n\n\n\n<h5 class=\"wp-block-heading\">ANNA JEDLAK<\/h5>\n\n\n\n<h5 class=\"wp-block-heading\">ROBERT CISZEK<\/h5>\n\n\n\n<h5 class=\"wp-block-heading\">JUSTYNA WIES\u0141AWA TOMZA<\/h5>\n\n\n\n<h5 class=\"wp-block-heading\">ANTONI BERNATOWICZ<\/h5>\n\n\n\n<p><\/p>\n","protected":false},"excerpt":{"rendered":"<p>Rok 2025 Rok 2016 &nbsp; Starostwo Powiatowew Ko\u0142obrzegu Miasto Ko\u0142obrzeg &nbsp; Zarz\u0105d Portu Morskiego Ko\u0142obrzeg &nbsp; Opera na Zamku w Szczecinie &nbsp; Wydawnictwo [&hellip;]<\/p>\n","protected":false},"author":1,"featured_media":0,"parent":0,"menu_order":0,"comment_status":"closed","ping_status":"closed","template":"page-no-title","meta":{"footnotes":""},"class_list":["post-4404","page","type-page","status-publish","hentry"],"_links":{"self":[{"href":"https:\/\/szkola.2lo.pl\/index.php\/wp-json\/wp\/v2\/pages\/4404","targetHints":{"allow":["GET"]}}],"collection":[{"href":"https:\/\/szkola.2lo.pl\/index.php\/wp-json\/wp\/v2\/pages"}],"about":[{"href":"https:\/\/szkola.2lo.pl\/index.php\/wp-json\/wp\/v2\/types\/page"}],"author":[{"embeddable":true,"href":"https:\/\/szkola.2lo.pl\/index.php\/wp-json\/wp\/v2\/users\/1"}],"replies":[{"embeddable":true,"href":"https:\/\/szkola.2lo.pl\/index.php\/wp-json\/wp\/v2\/comments?post=4404"}],"version-history":[{"count":7,"href":"https:\/\/szkola.2lo.pl\/index.php\/wp-json\/wp\/v2\/pages\/4404\/revisions"}],"predecessor-version":[{"id":6461,"href":"https:\/\/szkola.2lo.pl\/index.php\/wp-json\/wp\/v2\/pages\/4404\/revisions\/6461"}],"wp:attachment":[{"href":"https:\/\/szkola.2lo.pl\/index.php\/wp-json\/wp\/v2\/media?parent=4404"}],"curies":[{"name":"wp","href":"https:\/\/api.w.org\/{rel}","templated":true}]}}

<h2 class="wp-block-heading has-text-align-center has-primary-color has-text-color has-link-color wp-elements-502980dd404a6dad7fe2121635708083"> Rok 2025</h2>



<p></p>



<div class="wp-block-columns is-layout-flex wp-container-core-columns-is-layout-28f84493 wp-block-columns-is-layout-flex">
<div class="wp-block-column is-layout-flow wp-block-column-is-layout-flow">
<figure class="wp-block-image size-large"><img loading="lazy" decoding="async" width="1024" height="251" src="https://szkola.2lo.pl/wp-content/uploads/2025/12/piwkarnia_wierzbowscy-1024x251.webp" alt="" class="wp-image-6459" srcset="https://szkola.2lo.pl/wp-content/uploads/2025/12/piwkarnia_wierzbowscy-1024x251.webp 1024w, https://szkola.2lo.pl/wp-content/uploads/2025/12/piwkarnia_wierzbowscy-300x74.webp 300w, https://szkola.2lo.pl/wp-content/uploads/2025/12/piwkarnia_wierzbowscy-768x189.webp 768w, https://szkola.2lo.pl/wp-content/uploads/2025/12/piwkarnia_wierzbowscy.webp 1100w" sizes="auto, (max-width: 1024px) 100vw, 1024px" /></figure>
</div>



<div class="wp-block-column is-layout-flow wp-block-column-is-layout-flow">
<figure class="wp-block-image size-large"><a href="https://polferries.pl/"><img loading="lazy" decoding="async" width="1024" height="263" src="https://szkola.2lo.pl/wp-content/uploads/2025/12/Polska-zegluga-1024x263.png" alt="" class="wp-image-6456" srcset="https://szkola.2lo.pl/wp-content/uploads/2025/12/Polska-zegluga-1024x263.png 1024w, https://szkola.2lo.pl/wp-content/uploads/2025/12/Polska-zegluga-300x77.png 300w, https://szkola.2lo.pl/wp-content/uploads/2025/12/Polska-zegluga-768x197.png 768w, https://szkola.2lo.pl/wp-content/uploads/2025/12/Polska-zegluga.png 1278w" sizes="auto, (max-width: 1024px) 100vw, 1024px" /></a></figure>
</div>



<div class="wp-block-column is-layout-flow wp-block-column-is-layout-flow">
<figure class="wp-block-image size-full"><a href="https://tobis.com.pl/"><img loading="lazy" decoding="async" width="789" height="275" src="https://szkola.2lo.pl/wp-content/uploads/2025/12/TOBIS.jpg" alt="" class="wp-image-6458" srcset="https://szkola.2lo.pl/wp-content/uploads/2025/12/TOBIS.jpg 789w, https://szkola.2lo.pl/wp-content/uploads/2025/12/TOBIS-300x105.jpg 300w, https://szkola.2lo.pl/wp-content/uploads/2025/12/TOBIS-768x268.jpg 768w" sizes="auto, (max-width: 789px) 100vw, 789px" /></a></figure>
</div>
</div>



<h2 class="wp-block-heading has-text-align-center has-primary-color has-text-color has-link-color wp-elements-858d057ed6b44428ae9bcd3525770f08"> Rok 2016</h2>



<p></p>



<figure class="wp-block-table"><table class="has-fixed-layout"><tbody><tr><td class="has-text-align-center" data-align="center"><img decoding="async" src="http://szkola.2lo.pl/data/Henryki/Sponsorzy/powiat_kolobrzeski.jpg" alt=""> &nbsp;<a href="https://powiat.kolobrzeg.pl/" data-type="URL" data-id="https://powiat.kolobrzeg.pl/"><img loading="lazy" decoding="async" width="120" height="120" class="wp-image-4530" style="width: 120px;" src="https://szkola.2lo.pl/wp-content/uploads/2023/05/stpwk-1.webp" alt=""></a><br><br><strong> Starostwo Powiatowe<br>w Kołobrzegu</strong></td><td class="has-text-align-center" data-align="center"><a href="https://i-kolobrzeg.pl/" data-type="URL" data-id="https://i-kolobrzeg.pl/"><img loading="lazy" decoding="async" width="170" height="85" class="wp-image-4526" style="width: 170px;" src="https://szkola.2lo.pl/wp-content/uploads/2023/05/mk.webp" alt=""></a><br><strong>Miasto Kołobrzeg</strong></td><td class="has-text-align-center" data-align="center"><img decoding="async" src="http://szkola.2lo.pl/data/Henryki/Sponsorzy/LOGO ZPM_zarzad_portu_morskiego.jpg" alt=""><a href="https://zpmkolobrzeg.pl/" data-type="URL" data-id="https://zpmkolobrzeg.pl/"><img loading="lazy" decoding="async" width="150" height="150" class="wp-image-4527" style="width: 150px;" src="https://szkola.2lo.pl/wp-content/uploads/2023/05/morski-1.webp" alt=""></a><br>&nbsp; <strong>Zarząd Portu Morskiego Kołobrzeg</strong></td></tr><tr><td class="has-text-align-center" data-align="center"><strong><img decoding="async" src="http://szkola.2lo.pl/data/Henryki/Sponsorzy/teraz_opera_logo_kolor.jpg" alt=""> &nbsp;</strong><a href="https://www.opera.szczecin.pl/" data-type="URL" data-id="https://www.opera.szczecin.pl/"><img loading="lazy" decoding="async" width="150" height="150" class="wp-image-4529" style="width: 150px;" src="https://szkola.2lo.pl/wp-content/uploads/2023/05/opera.webp" alt=""></a><br><strong> Opera na Zamku w Szczecinie</strong></td><td class="has-text-align-center" data-align="center"><img decoding="async" src="http://szkola.2lo.pl/data/Henryki/Sponsorzy/Kamera.jpg" alt=""> &nbsp;<a href="https://www.kamerapress.pl/pl/" data-type="URL" data-id="https://www.kamerapress.pl/pl/"><img loading="lazy" decoding="async" width="150" height="150" class="wp-image-4525" style="width: 150px;" src="https://szkola.2lo.pl/wp-content/uploads/2023/05/kamera.webp" alt=""></a><br> <strong>Wydawnictwo Kamera</strong></td><td class="has-text-align-center" data-align="center"><strong><img decoding="async" src="http://szkola.2lo.pl/data/Henryki/Sponsorzy/logo_R_hotel _mini.jpg" alt=""> &nbsp;</strong><a href="https://www.havethotel.pl/" data-type="URL" data-id="https://www.havethotel.pl/"><img loading="lazy" decoding="async" width="150" height="150" class="wp-image-4524" style="width: 150px;" src="https://szkola.2lo.pl/wp-content/uploads/2023/05/havet.webp" alt=""></a><br><strong>Havet Hotel Resort &amp; Spa Dźwirzyno</strong></td></tr><tr><td class="has-text-align-center" data-align="center"><strong><img decoding="async" src="http://szkola.2lo.pl/data/Henryki/Sponsorzy/diva_logo.jpg" alt=""> &nbsp; </strong><a href="https://hoteldivaspa.pl/" data-type="URL" data-id="https://hoteldivaspa.pl/"><img loading="lazy" decoding="async" width="150" height="150" class="wp-image-4523" style="width: 150px;" src="https://szkola.2lo.pl/wp-content/uploads/2023/05/diva.webp" alt=""></a><br><br><strong>Hotel Diva Spa w Kołobrzegu</strong></td><td class="has-text-align-center" data-align="center"><strong><img decoding="async" src="http://szkola.2lo.pl/data/Henryki/Sponsorzy/logo_wolski_travel.jpg" alt=""> &nbsp; </strong><a href="https://wolskitravel.pl/" data-type="URL" data-id="https://wolskitravel.pl/"><img loading="lazy" decoding="async" width="150" height="150" class="wp-image-4533" style="width: 150px;" src="https://szkola.2lo.pl/wp-content/uploads/2023/05/wolski.webp" alt=""></a><br><br><strong>Wolski Travel</strong></td><td class="has-text-align-center" data-align="center"><strong><img decoding="async" src="http://szkola.2lo.pl/data/Henryki/Sponsorzy/LOGOtrio_molo.jpg" alt=""> &nbsp;</strong><a href="https://www.facebook.com/TRioMoloCafe/?locale=pl_PL" data-type="URL" data-id="https://www.facebook.com/TRioMoloCafe/?locale=pl_PL"><img loading="lazy" decoding="async" width="150" height="150" class="wp-image-4532" style="width: 150px;" src="https://szkola.2lo.pl/wp-content/uploads/2023/05/triomolo.webp" alt=""></a><br><br><strong> tRio MOLO Cafe &amp; Restaurant</strong></td></tr><tr><td class="has-text-align-center" data-align="center"><a href="https://www.almako.pl/" data-type="URL" data-id="https://www.almako.pl/"><img loading="lazy" decoding="async" width="150" height="150" class="wp-image-4522" style="width: 150px;" src="https://szkola.2lo.pl/wp-content/uploads/2023/05/almako.webp" alt=""></a><br><strong>Almako sp.j. Handel i usługi<br>A. Przybylski<img decoding="async" src="http://szkola.2lo.pl/data/Henryki/Sponsorzy/magia_kwiatow.jpg" alt=""></strong></td><td class="has-text-align-center" data-align="center"><strong><img decoding="async" src="http://szkola.2lo.pl/data/Henryki/Sponsorzy/tobis_logo_drzewko.jpg" alt=""> &nbsp; </strong><a href="http://tobis.com.pl/" data-type="URL" data-id="http://tobis.com.pl/"><img loading="lazy" decoding="async" width="150" height="150" class="wp-image-4531" style="width: 150px;" src="https://szkola.2lo.pl/wp-content/uploads/2023/05/tobis.webp" alt=""></a><br><br><strong>Firma TOBIS w Kołobrzegu</strong></td><td class="has-text-align-center" data-align="center"><strong><img decoding="async" src="http://szkola.2lo.pl/data/Henryki/Sponsorzy/logonadlesnictwo_goscino.jpg" alt=""> &nbsp; </strong><a href="https://goscino.szczecinek.lasy.gov.pl/" data-type="URL" data-id="https://goscino.szczecinek.lasy.gov.pl/"><img loading="lazy" decoding="async" width="150" height="150" class="wp-image-4528" style="width: 150px;" src="https://szkola.2lo.pl/wp-content/uploads/2023/05/nadlesnictwo.webp" alt=""></a><br><br><strong>Nadleśnictwo Gościno</strong></td></tr></tbody></table></figure>



<p></p>



<p></p>



<h5 class="wp-block-heading">JOANNA HECIAK</h5>



<p><strong>ORAZ PRZYJACIELE SZKOŁY</strong>:<br></p>



<h5 class="wp-block-heading">ANNA ZAGDAŃSKA</h5>



<h5 class="wp-block-heading">ANNA JEDLAK</h5>



<h5 class="wp-block-heading">ROBERT CISZEK</h5>



<h5 class="wp-block-heading">JUSTYNA WIESŁAWA TOMZA</h5>



<h5 class="wp-block-heading">ANTONI BERNATOWICZ</h5>



<p></p>

<p>Rok 2025 Rok 2016 &nbsp; Starostwo Powiatowew Kołobrzegu Miasto Kołobrzeg &nbsp; Zarząd Portu Morskiego Kołobrzeg &nbsp; Opera na Zamku w Szczecinie &nbsp; Wydawnictwo [&hellip;]</p>
