{"id":4763,"date":"2023-07-10T14:46:19","date_gmt":"2023-07-10T12:46:19","guid":{"rendered":"https:\/\/szkola.2lo.pl\/?page_id=4763"},"modified":"2024-09-20T22:00:58","modified_gmt":"2024-09-20T20:00:58","slug":"projekt-kolobrzeg-3d","status":"publish","type":"page","link":"https:\/\/szkola.2lo.pl\/index.php\/projekt-kolobrzeg-3d\/","title":{"rendered":"Projekt Ko\u0142obrzeg 3D"},"content":{"rendered":"<p style=\"text-align: center;\"><span style=\"color: #800000;\"><strong>Projekt realizowany w Zespole Szk\u00f3\u0142 Nr 1 im Henryka Sienkiewicza<\/strong><\/span><\/p>\n<p>\u00a0<\/p>\n\n\n<center><figure class=\"wp-block-image aligncenter size-full is-resized has-custom-border\"><a href=\"http:\/\/j.kawalek.2lo.pl\/kolobrzeg3d\/\" target=\"_blank\" rel=\"noreferrer noopener\"><img loading=\"lazy\" decoding=\"async\" src=\"https:\/\/szkola.2lo.pl\/wp-content\/uploads\/2023\/07\/thumbnail_Outlook-wsp3co2i.webp\" alt=\"\" class=\"wp-image-4768\" style=\"border-style:none;border-width:0px;border-radius:0px;width:613px;height:147px\" width=\"613\" height=\"147\" srcset=\"https:\/\/szkola.2lo.pl\/wp-content\/uploads\/2023\/07\/thumbnail_Outlook-wsp3co2i.webp 400w, https:\/\/szkola.2lo.pl\/wp-content\/uploads\/2023\/07\/thumbnail_Outlook-wsp3co2i-300x72.webp 300w\" sizes=\"auto, (max-width: 613px) 100vw, 613px\" \/><\/a><\/figure><\/center>\n\n\n\n<figure class=\"wp-block-image aligncenter size-full is-resized\"><img loading=\"lazy\" decoding=\"async\" width=\"300\" height=\"300\" src=\"https:\/\/szkola.2lo.pl\/wp-content\/uploads\/2024\/09\/thumbnail_Outlook-ffxtfdym.webp\" alt=\"QR Ko\u0142obrzeg 3D\" class=\"wp-image-5785\" style=\"width:198px;height:auto\" srcset=\"https:\/\/szkola.2lo.pl\/wp-content\/uploads\/2024\/09\/thumbnail_Outlook-ffxtfdym.webp 300w, https:\/\/szkola.2lo.pl\/wp-content\/uploads\/2024\/09\/thumbnail_Outlook-ffxtfdym-150x150.webp 150w\" sizes=\"auto, (max-width: 300px) 100vw, 300px\" \/><figcaption class=\"wp-element-caption\">QR Ko\u0142obrzeg 3D<\/figcaption><\/figure>\n\n\n<p><strong>Aby zwi\u0119kszy\u0107 wiedz\u0119 i zainteresowanie histori\u0105 miasta,<\/strong> <strong>w naszej szkole postanowili\u015bmy pokaza\u0107<\/strong> <strong>jak wygl\u0105da\u0142 dawny Ko\u0142obrzeg.<\/strong><br \/><strong>Chcieli\u015bmy jednak zaprezentowa\u0107 to w troch\u0119 inny,<\/strong> <strong>bardziej atrakcyjny spos\u00f3b, realizuj\u0105c projekty<\/strong> <strong>z wykorzystaniem nowoczesnej technologii 3D.<\/strong><\/p>\n<p>Zapraszamy ch\u0119tnych uczni\u00f3w naszej szko\u0142y chc\u0105cych uczy\u0107 si\u0119 lub rozwija\u0107 swoj\u0105 wiedz\u0119 i umiej\u0119tno\u015bci z zakresu grafiki i druku 3D do wsp\u00f3\u0142pracy przy tworzeniu i realizacji projekt\u00f3w. Nauczyciel prowadz\u0105cy: <strong>Jacek Kawa\u0142ek.<\/strong><\/p>\n<p style=\"text-align: center;\"><strong><span style=\"color: #800000;\">Wi\u0119cej szczeg\u00f3\u0142\u00f3w na stronie internetowej<\/span><\/strong> <a href=\"http:\/\/kolobrzeg3d.2lo.pl\">kolobrzeg3d.2lo.pl\u00a0<\/a><br \/><strong><span style=\"color: #800000;\">oraz<\/span><\/strong> <a title=\"http:\/\/obkk.2lo.pl\/\" href=\"http:\/\/obkk.2lo.pl\/\" target=\"_blank\" rel=\"noopener noreferrer\" data-auth=\"NotApplicable\" data-linkindex=\"1\">obkk.2lo.pl<\/a>\u00a0<\/p>\n\n\n<p><\/p>\n","protected":false},"excerpt":{"rendered":"<p>Projekt realizowany w Zespole Szk\u00f3\u0142 Nr 1 im Henryka Sienkiewicza \u00a0 Aby zwi\u0119kszy\u0107 wiedz\u0119 i zainteresowanie histori\u0105 miasta, w naszej szkole postanowili\u015bmy pokaza\u0107 [&hellip;]<\/p>\n","protected":false},"author":1,"featured_media":0,"parent":0,"menu_order":0,"comment_status":"closed","ping_status":"closed","template":"page-no-title","meta":{"footnotes":""},"class_list":["post-4763","page","type-page","status-publish","hentry"],"_links":{"self":[{"href":"https:\/\/szkola.2lo.pl\/index.php\/wp-json\/wp\/v2\/pages\/4763","targetHints":{"allow":["GET"]}}],"collection":[{"href":"https:\/\/szkola.2lo.pl\/index.php\/wp-json\/wp\/v2\/pages"}],"about":[{"href":"https:\/\/szkola.2lo.pl\/index.php\/wp-json\/wp\/v2\/types\/page"}],"author":[{"embeddable":true,"href":"https:\/\/szkola.2lo.pl\/index.php\/wp-json\/wp\/v2\/users\/1"}],"replies":[{"embeddable":true,"href":"https:\/\/szkola.2lo.pl\/index.php\/wp-json\/wp\/v2\/comments?post=4763"}],"version-history":[{"count":17,"href":"https:\/\/szkola.2lo.pl\/index.php\/wp-json\/wp\/v2\/pages\/4763\/revisions"}],"predecessor-version":[{"id":5790,"href":"https:\/\/szkola.2lo.pl\/index.php\/wp-json\/wp\/v2\/pages\/4763\/revisions\/5790"}],"wp:attachment":[{"href":"https:\/\/szkola.2lo.pl\/index.php\/wp-json\/wp\/v2\/media?parent=4763"}],"curies":[{"name":"wp","href":"https:\/\/api.w.org\/{rel}","templated":true}]}}

Projekt Kołobrzeg 3D

<p style="text-align: center;"><span style="color: #800000;"><strong>Projekt realizowany w Zespole Szkół Nr 1 im Henryka Sienkiewicza</strong></span></p>
<p> </p>


<center><figure class="wp-block-image aligncenter size-full is-resized has-custom-border"><a href="http://j.kawalek.2lo.pl/kolobrzeg3d/" target="_blank" rel="noreferrer noopener"><img loading="lazy" decoding="async" src="https://szkola.2lo.pl/wp-content/uploads/2023/07/thumbnail_Outlook-wsp3co2i.webp" alt="" class="wp-image-4768" style="border-style:none;border-width:0px;border-radius:0px;width:613px;height:147px" width="613" height="147" srcset="https://szkola.2lo.pl/wp-content/uploads/2023/07/thumbnail_Outlook-wsp3co2i.webp 400w, https://szkola.2lo.pl/wp-content/uploads/2023/07/thumbnail_Outlook-wsp3co2i-300x72.webp 300w" sizes="auto, (max-width: 613px) 100vw, 613px" /></a></figure></center>



<figure class="wp-block-image aligncenter size-full is-resized"><img loading="lazy" decoding="async" width="300" height="300" src="https://szkola.2lo.pl/wp-content/uploads/2024/09/thumbnail_Outlook-ffxtfdym.webp" alt="QR Kołobrzeg 3D" class="wp-image-5785" style="width:198px;height:auto" srcset="https://szkola.2lo.pl/wp-content/uploads/2024/09/thumbnail_Outlook-ffxtfdym.webp 300w, https://szkola.2lo.pl/wp-content/uploads/2024/09/thumbnail_Outlook-ffxtfdym-150x150.webp 150w" sizes="auto, (max-width: 300px) 100vw, 300px" /><figcaption class="wp-element-caption">QR Kołobrzeg 3D</figcaption></figure>


<p><strong>Aby zwiększyć wiedzę i zainteresowanie historią miasta,</strong> <strong>w naszej szkole postanowiliśmy pokazać</strong> <strong>jak wyglądał dawny Kołobrzeg.</strong><br /><strong>Chcieliśmy jednak zaprezentować to w trochę inny,</strong> <strong>bardziej atrakcyjny sposób, realizując projekty</strong> <strong>z wykorzystaniem nowoczesnej technologii 3D.</strong></p>
<p>Zapraszamy chętnych uczniów naszej szkoły chcących uczyć się lub rozwijać swoją wiedzę i umiejętności z zakresu grafiki i druku 3D do współpracy przy tworzeniu i realizacji projektów. Nauczyciel prowadzący: <strong>Jacek Kawałek.</strong></p>
<p style="text-align: center;"><strong><span style="color: #800000;">Więcej szczegółów na stronie internetowej</span></strong> <a href="http://kolobrzeg3d.2lo.pl">kolobrzeg3d.2lo.pl </a><br /><strong><span style="color: #800000;">oraz</span></strong> <a title="http://obkk.2lo.pl/" href="http://obkk.2lo.pl/" target="_blank" rel="noopener noreferrer" data-auth="NotApplicable" data-linkindex="1">obkk.2lo.pl</a> </p>


<p></p>

<p>Projekt realizowany w Zespole Szkół Nr 1 im Henryka Sienkiewicza   Aby zwiększyć wiedzę i zainteresowanie historią miasta, w naszej szkole postanowiliśmy pokazać [&hellip;]</p>
