{"id":5006,"date":"2023-09-04T17:04:04","date_gmt":"2023-09-04T15:04:04","guid":{"rendered":"https:\/\/szkola.2lo.pl\/?page_id=5006"},"modified":"2025-08-28T14:38:00","modified_gmt":"2025-08-28T12:38:00","slug":"zespol-wychowawczy","status":"publish","type":"page","link":"https:\/\/szkola.2lo.pl\/index.php\/zespol-wychowawczy\/","title":{"rendered":"Zesp\u00f3\u0142 Wychowawczy"},"content":{"rendered":"\n<p><\/p>\n\n\n\n<h2 class=\"wp-block-heading has-text-align-center has-secondary-color has-text-color\">Sk\u0142ad Zespo\u0142u Wychowawczego w roku szkolnym 2024\/2025<\/h2>\n\n\n\n<h4 class=\"wp-block-heading has-text-align-center has-primary-color has-text-color\">&nbsp;Liceum Og\u00f3lnokszta\u0142c\u0105ce<\/h4>\n\n\n\n<p><\/p>\n\n\n\n<p>I A \u2013\u00a0wychowawca p. Agnieszka Emerle<\/p>\n\n\n\n<p>I B \u2013\u00a0wychowawca p. Piotr Grabowski<\/p>\n\n\n\n<p>I C \u2013\u00a0wychowawca p. Stefan Rebelski<\/p>\n\n\n\n<p>I D\u2013\u00a0wychowawca p.  Justyna Dzi\u0119dziura<\/p>\n\n\n\n<p>II A \u2013\u00a0wychowawca p. Ilona Bra\u0144czko<br>II C \u2013wychowawca p.\u00a0Pawe\u0142 Blechacz <br>II D \u2013 wychowawca p.\u00a0Iga M\u0105czy\u0144ska <br>III A \u2013\u00a0wychowawca p. Joanna Szyd\u0142owska <br>III B \u2013\u00a0wychowawca p. Alicja Stok\u0142osa <br>III C \u2013wychowawca p.\u00a0Katarzyna Kuku\u0142a <br>III D \u2013 wychowawca p.\u00a0Katarzyna Walecka <br>III E \u2013 wychowawca p. Beata Morawska <br>IV A \u2013 wychowawca p. Anna Dobrowolska <br>IV B \u2013 wychowawca p. Marcin Hryniewicki <br>IV C \u2013 wychowawca p. Grzegorz Markowski <br>IV D \u2013 wychowawca p. Ewa Wojciechowska-Bi\u0142e\u0144ki <br><br><\/p>\n\n\n\n<h4 class=\"wp-block-heading has-text-align-center has-primary-color has-text-color\">Technikum Zawodowe<\/h4>\n\n\n<p>I T \u2013 wychowawca p. Jolanta Kapela\u0144czyk\u00a0<br \/>II T &#8211; wychowawca p.\u00a0 Grzegorz Semenowicz\u00a0<br \/>III T \u2013 wychowawca p. Konrad Kiszkiel\u00a0<br \/>IV T Z \u2013 wychowawca p. Katarzyna W\u00f3jtowicz-Ameljan<br \/>VT Z \u2013 wychowawca p. Joanna Jankowska-Iwa\u0144ska\u00a0<br \/><br \/><\/p>\n\n\n<p><\/p>\n","protected":false},"excerpt":{"rendered":"<p>Sk\u0142ad Zespo\u0142u Wychowawczego w roku szkolnym 2024\/2025 &nbsp;Liceum Og\u00f3lnokszta\u0142c\u0105ce I A \u2013\u00a0wychowawca p. Agnieszka Emerle I B \u2013\u00a0wychowawca p. Piotr Grabowski I C [&hellip;]<\/p>\n","protected":false},"author":1,"featured_media":0,"parent":0,"menu_order":0,"comment_status":"closed","ping_status":"closed","template":"page-no-title","meta":{"footnotes":""},"class_list":["post-5006","page","type-page","status-publish","hentry"],"_links":{"self":[{"href":"https:\/\/szkola.2lo.pl\/index.php\/wp-json\/wp\/v2\/pages\/5006","targetHints":{"allow":["GET"]}}],"collection":[{"href":"https:\/\/szkola.2lo.pl\/index.php\/wp-json\/wp\/v2\/pages"}],"about":[{"href":"https:\/\/szkola.2lo.pl\/index.php\/wp-json\/wp\/v2\/types\/page"}],"author":[{"embeddable":true,"href":"https:\/\/szkola.2lo.pl\/index.php\/wp-json\/wp\/v2\/users\/1"}],"replies":[{"embeddable":true,"href":"https:\/\/szkola.2lo.pl\/index.php\/wp-json\/wp\/v2\/comments?post=5006"}],"version-history":[{"count":9,"href":"https:\/\/szkola.2lo.pl\/index.php\/wp-json\/wp\/v2\/pages\/5006\/revisions"}],"predecessor-version":[{"id":6033,"href":"https:\/\/szkola.2lo.pl\/index.php\/wp-json\/wp\/v2\/pages\/5006\/revisions\/6033"}],"wp:attachment":[{"href":"https:\/\/szkola.2lo.pl\/index.php\/wp-json\/wp\/v2\/media?parent=5006"}],"curies":[{"name":"wp","href":"https:\/\/api.w.org\/{rel}","templated":true}]}}