{"id":5289,"date":"2023-10-23T11:24:59","date_gmt":"2023-10-23T09:24:59","guid":{"rendered":"https:\/\/szkola.2lo.pl\/?page_id=5289"},"modified":"2023-10-23T11:24:59","modified_gmt":"2023-10-23T09:24:59","slug":"nprc-2-0","status":"publish","type":"page","link":"https:\/\/szkola.2lo.pl\/index.php\/nprc-2-0\/","title":{"rendered":"NPRC 2.0"},"content":{"rendered":"\n<p><\/p>\n\n\n\n<p class=\"has-primary-color has-text-color\"><strong>Dofinansowanie ze \u015brodk\u00f3w Ministra Kultury, Dziedzictwa Narodowego i Sportu \u2013 12.000 z\u0142<\/strong><\/p>\n\n\n\n<p class=\"has-primary-color has-text-color\"><strong>Wk\u0142ad w\u0142asny \u2013 3.000 z\u0142<\/strong><\/p>\n\n\n\n<figure class=\"wp-block-image aligncenter size-full\"><img loading=\"lazy\" decoding=\"async\" width=\"500\" height=\"441\" src=\"https:\/\/szkola.2lo.pl\/wp-content\/uploads\/2023\/10\/nprc2_0.webp\" alt=\"\" class=\"wp-image-5290\" srcset=\"https:\/\/szkola.2lo.pl\/wp-content\/uploads\/2023\/10\/nprc2_0.webp 500w, https:\/\/szkola.2lo.pl\/wp-content\/uploads\/2023\/10\/nprc2_0-300x265.webp 300w\" sizes=\"auto, (max-width: 500px) 100vw, 500px\" \/><\/figure>\n\n\n<p>W roku szkolnym 2023\/2024 Biblioteka szkolna ZS Nr 1 im. Henryka Sienkiewicza, realizuje Narodowy Program Rozwoju Czytelnictwa. Otrzymali\u015bmy dofinansowanie w wysoko\u015bci 12.000 z\u0142 na dzia\u0142ania promuj\u0105ce i wspieraj\u0105ce rozw\u00f3j czytelnictwa w\u015br\u00f3d m\u0142odzie\u017cy. Za 10.000 z\u0142 nauczyciel bibliotekarz p. Aurelia Go\u0142\u0119biowska zakupi\u0142a 322 ksi\u0105\u017cki proponowane przez nasz\u0105 m\u0142odzie\u017c (g\u0142ownie wsp\u00f3\u0142czesna literatura m\u0142odzie\u017cowa), a w I semestrze bie\u017c\u0105cego roku szkolnego ka\u017cda klasa zrealizuje projekt edukacyjny. Literatura do projekt\u00f3w r\u00f3wnie\u017c zosta\u0142a zakupiona i jest dost\u0119pna w bibliotece szkolnej, forma ich realizacji jest dowolna. Informacje o przebiegu projekt\u00f3w mo\u017cna zamieszcza\u0107 na szkolnym Facebooku. Projekty realizuj\u0105 uczniowie do ko\u0144ca listopada 2023 r. Zosta\u0142 og\u0142oszone konkurs czytelniczy na recenzj\u0119 ulubionej ksi\u0105\u017cki zakupionej z NPRC, nagrody &#8211; oczywi\u015bcie ksi\u0105\u017ckowe \u2013 r\u00f3wnie\u017c zosta\u0142y zakupione z funduszy Programu.<\/p>\n\n\n<p class=\"has-secondary-color has-text-color\"><strong>Wszystkie zakupione ksi\u0105\u017cki s\u0105 opatrzone piecz\u0105tk\u0105 z Logo programu.<\/strong><\/p>\n","protected":false},"excerpt":{"rendered":"<p>Dofinansowanie ze \u015brodk\u00f3w Ministra Kultury, Dziedzictwa Narodowego i Sportu \u2013 12.000 z\u0142 Wk\u0142ad w\u0142asny \u2013 3.000 z\u0142 W roku szkolnym 2023\/2024 Biblioteka szkolna [&hellip;]<\/p>\n","protected":false},"author":1,"featured_media":0,"parent":0,"menu_order":0,"comment_status":"closed","ping_status":"closed","template":"page-no-title","meta":{"footnotes":""},"class_list":["post-5289","page","type-page","status-publish","hentry"],"_links":{"self":[{"href":"https:\/\/szkola.2lo.pl\/index.php\/wp-json\/wp\/v2\/pages\/5289","targetHints":{"allow":["GET"]}}],"collection":[{"href":"https:\/\/szkola.2lo.pl\/index.php\/wp-json\/wp\/v2\/pages"}],"about":[{"href":"https:\/\/szkola.2lo.pl\/index.php\/wp-json\/wp\/v2\/types\/page"}],"author":[{"embeddable":true,"href":"https:\/\/szkola.2lo.pl\/index.php\/wp-json\/wp\/v2\/users\/1"}],"replies":[{"embeddable":true,"href":"https:\/\/szkola.2lo.pl\/index.php\/wp-json\/wp\/v2\/comments?post=5289"}],"version-history":[{"count":1,"href":"https:\/\/szkola.2lo.pl\/index.php\/wp-json\/wp\/v2\/pages\/5289\/revisions"}],"predecessor-version":[{"id":5291,"href":"https:\/\/szkola.2lo.pl\/index.php\/wp-json\/wp\/v2\/pages\/5289\/revisions\/5291"}],"wp:attachment":[{"href":"https:\/\/szkola.2lo.pl\/index.php\/wp-json\/wp\/v2\/media?parent=5289"}],"curies":[{"name":"wp","href":"https:\/\/api.w.org\/{rel}","templated":true}]}}

<p></p>



<p class="has-primary-color has-text-color"><strong>Dofinansowanie ze środków Ministra Kultury, Dziedzictwa Narodowego i Sportu – 12.000 zł</strong></p>



<p class="has-primary-color has-text-color"><strong>Wkład własny – 3.000 zł</strong></p>



<figure class="wp-block-image aligncenter size-full"><img loading="lazy" decoding="async" width="500" height="441" src="https://szkola.2lo.pl/wp-content/uploads/2023/10/nprc2_0.webp" alt="" class="wp-image-5290" srcset="https://szkola.2lo.pl/wp-content/uploads/2023/10/nprc2_0.webp 500w, https://szkola.2lo.pl/wp-content/uploads/2023/10/nprc2_0-300x265.webp 300w" sizes="auto, (max-width: 500px) 100vw, 500px" /></figure>


<p>W roku szkolnym 2023/2024 Biblioteka szkolna ZS Nr 1 im. Henryka Sienkiewicza, realizuje Narodowy Program Rozwoju Czytelnictwa. Otrzymaliśmy dofinansowanie w wysokości 12.000 zł na działania promujące i wspierające rozwój czytelnictwa wśród młodzieży. Za 10.000 zł nauczyciel bibliotekarz p. Aurelia Gołębiowska zakupiła 322 książki proponowane przez naszą młodzież (głownie współczesna literatura młodzieżowa), a w I semestrze bieżącego roku szkolnego każda klasa zrealizuje projekt edukacyjny. Literatura do projektów również została zakupiona i jest dostępna w bibliotece szkolnej, forma ich realizacji jest dowolna. Informacje o przebiegu projektów można zamieszczać na szkolnym Facebooku. Projekty realizują uczniowie do końca listopada 2023 r. Został ogłoszone konkurs czytelniczy na recenzję ulubionej książki zakupionej z NPRC, nagrody &#8211; oczywiście książkowe – również zostały zakupione z funduszy Programu.</p>


<p class="has-secondary-color has-text-color"><strong>Wszystkie zakupione książki są opatrzone pieczątką z Logo programu.</strong></p>

<p>Dofinansowanie ze środków Ministra Kultury, Dziedzictwa Narodowego i Sportu – 12.000 zł Wkład własny – 3.000 zł W roku szkolnym 2023/2024 Biblioteka szkolna [&hellip;]</p>
